at is the units digit of -1 - -1 - (b - o)?
1
Let g = -7 - -5. Let w be 18*-2*(-2)/8. Let z = g + w. What is the units digit of z?
7
Let y be (-6)/1*2/(-6). Suppose -10 = -y*l - 2. Suppose x = -5*z + 21, 4*z - 32 = l*x - x. What is the units digit of z?
5
Let p(k) = 2*k**2 + 10*k - 3. Let x be p(-7). Let v = -12 + x. What is the units digit of v?
3
Let h(b) = b**2 + 6*b + 1. Let k be h(-4). Let m = -5 - k. What is the units digit of m?
2
Suppose -w + 3 + 1 = 0. What is the units digit of 8/6 + w/(-12)?
1
Suppose 4*o - o = 18. Suppose -r - i = -5*r + 11, -o = 2*i. What is the units digit of (1/r)/(1/6)?
3
Let j = 6 + -5. What is the units digit of 0 + 4 + 2 - j?
5
Let l(y) be the first derivative of y**3/3 - 2*y**2 + 7*y - 7. Let p(z) = -z**2 + 6*z. Let w be p(5). What is the units digit of l(w)?
2
Let w(v) = -v**2 - 5*v - 5. Let m(g) = -g**3 + 6*g**2 - 4. Let i be m(6). Let s be w(i). What is the units digit of 2 - -3 - (-2 - s)?
6
Suppose 3*q = 5*a + 2*q - 260, 4*q = -2*a + 104. What is the tens digit of a?
5
Let a = -56 + 90. Suppose -a = -4*b + 58. What is the tens digit of b?
2
What is the tens digit of 26/65 + (-78)/(-5)?
1
Suppose -115 - 20 = -3*d. What is the units digit of d?
5
Suppose -5*z + l - 27 = -128, 0 = -z - l + 25. What is the tens digit of z?
2
Let l be 86/(-12) - 1/(-6). Let w be 2 + (-2 - l) + 1. What is the units digit of w/(-12) + 40/6?
6
What is the tens digit of 27*1 - (7 - 3)?
2
Suppose 6*x = 3*x. Suppose 2*l = -x*l - 6. Let o = l + 12. What is the units digit of o?
9
What is the units digit of 25 - (-3 - 16/(-4))?
4
What is the tens digit of 16/(-4) - (3 - 313)?
0
Let g = 52 + -25. What is the units digit of g?
7
Let b = 275 + -179. What is the tens digit of b?
9
Let t = 29 + -2. Suppose -28 = -3*m + 5*q, 7*m - q - 20 = 4*m. Suppose -m*g = -3*g - t. What is the units digit of g?
9
Let m = 8 - 4. Suppose m*g - 4 = 40. What is the units digit of g?
1
Suppose 0 = -0*k + 5*k - 325. What is the units digit of k?
5
Let a = 42 + 53. What is the units digit of a?
5
Let v = 6 - 0. Let w be 20/8*v/5. Suppose q + q = w*o - 19, -o + 2*q = -13. What is the units digit of o?
3
Let o(k) = -6*k - 2. What is the tens digit of o(-7)?
4
Suppose 2*p - 8 = -4. Suppose -2*v = p*o - 20, v - 3*v = -3*o + 5. What is the units digit of -2 + o + 1 + -2?
2
Suppose -4*t = -2*x - 586, x + 604 = 4*t + 5*x. What is the hundreds digit of t?
1
Let l be (0/(3 - 0))/(-3). Suppose -4*w + 35 + 9 = l. What is the units digit of w?
1
What is the units digit of 8/(-20) - 336/(-15)?
2
Let a(r) = r**3 - 9*r**2 + 5*r - 5. What is the tens digit of a(9)?
4
Suppose -3*h - 53 = -4*m, 0 = 4*m - 9*m + 25. What is the tens digit of (-1 - -2)/((-1)/h)?
1
Suppose 0 = -f + 6*f - 60. What is the units digit of f?
2
Let o(m) = -m**2 - 10*m - 6. Let y(q) = -q**3 - 5*q**2 - 3*q - 5. Let r be y(-4). Let z be o(r). Suppose -z*k - 3 = -21. What is the units digit of k?
6
Let k(b) = -b**3 - 3*b**2 - b - 4. Let o be k(-5). What is the units digit of o - 3/1 - 2?
6
Let h = 7 + -3. Suppose f = -t - t + 8, 16 = -f + h*t. What is the units digit of (-2 - -8 - f) + 2?
8
Let f(x) = 3*x - 1. Let l be f(1). Let a = 11 - 9. Suppose w = l*m + 6, -12 = -3*w + m + a*m. What is the units digit of w?
2
Let z = 1 - -3. Let l(p) = 2*p**2 - 3*p - 2. What is the units digit of l(z)?
8
Let y = 6 + -3. Suppose -4 = 3*j - 1. Let w = y + j. What is the units digit of w?
2
Let m = -31 + 22. Let g be m/(-2)*28/(-6). Let t = g + 43. What is the units digit of t?
2
Suppose 0 = 3*v - 7*v + 56. Suppose 0 = -5*t - 16 - v. What is the tens digit of 2/t + (-46)/(-3)?
1
Let u(o) = 5*o**2 - o - o + 1 - 2*o**2. Let x be u(1). Suppose -1 = g - 2*g + 3*v, 4*g - x*v = 24. What is the units digit of g?
7
Suppose -3*z + 6 + 3 = 0. Let q = 3 + z. What is the units digit of q?
6
Let w(u) be the third derivative of u**6/120 - u**5/60 - u**4/24 + 2*u**3/3 + 3*u**2. What is the units digit of w(0)?
4
Suppose r + 2*r - 4*b = 43, 3*r - 3*b = 45. Let y = 18 - r. What is the units digit of y?
1
Let i(c) = c**3 + 12*c**2 + 13*c + 5. What is the units digit of i(-9)?
1
Suppose 0 = 4*q + 4*f - 36, 5*q - 23 - 38 = -f. Suppose 4*d - q - 3 = 0. Suppose -d = -4*h + 3*k, 5*h - 6*k - 5 = -4*k. What is the units digit of h?
1
Let d be 1 + 14 + -1 + -2. What is the units digit of (9/(-6))/((-9)/d)?
2
Let h(a) = -5*a + 39. What is the tens digit of h(-4)?
5
Let p = -10 + 84. What is the tens digit of p?
7
Let u be 12/(-30) + 24/10. Suppose -3*y + u*o = -71, -2*y + 4*o + 42 = -0*o. What is the units digit of y?
5
Let c(i) be the third derivative of -i**6/60 - i**5/30 - i**4/24 - i**3/6 - 2*i**2. What is the units digit of c(-2)?
9
Let c(q) = q**3 - 9*q**2 + 9*q - 10. Let i be c(8). Let o = -1 - i. Suppose 0 = -4*u + o + 3. What is the units digit of u?
1
Suppose 5*c - 3*w = -13, 3*c + 3*w + 1 = -2. Let k be (1*c)/((-12)/30). What is the units digit of (-4)/10 + 62/k?
2
Suppose -94 = 2*c - 4*c - 3*r, 0 = -4*r - 8. What is the units digit of c?
0
Suppose -x = -4*x - 5*n - 78, 4*n = -5*x - 117. Let r = -4 - x. Let f = -7 + r. What is the tens digit of f?
1
Let c(m) = 4*m - 1. Let o(w) = 8*w - 3. Let n(a) = -13*c(a) + 6*o(a). What is the tens digit of n(-4)?
1
Suppose 0 = -2*j - 2*q + 2, 1 = j - 2*q + 15. Let a = j + 14. Let h = a - 3. What is the units digit of h?
7
Suppose -3*y = 2*y - 120. What is the units digit of ((-4)/(-16))/(2/y)?
3
Let g = -18 + 13. Let s = 16 + g. What is the tens digit of s?
1
Let t(n) = 9*n - 16. Let k(y) = 19*y - 33. Let j(x) = 6*k(x) - 13*t(x). What is the tens digit of j(-7)?
3
Suppose -3*i - 4*w = -28, 36 = 4*i + 5*w - 0*w. Suppose -4*l - v - 8 = -21, 0 = -i*v + 20. What is the units digit of l?
2
What is the tens digit of 0/(-1) + 582/6?
9
Let i = 71 - 40. Suppose -c - 1 = 0, 3*s - i = 2*s + 3*c. What is the tens digit of s?
2
Let p(w) = w**3 + 6*w**2 - 2*w - 3. Let t be p(-6). Suppose -c + t = 5*l, -3*c = -l + 3 - 30. What is the units digit of c?
9
Let z(x) = -47*x - 30. What is the hundreds digit of z(-6)?
2
Suppose w = -5*i - 3*w - 110, -2*w + 22 = -i. Let m be (i/(-2 + 1))/2. Let b = -7 + m. What is the units digit of b?
4
Suppose -3*a + 10 = -4*p + 2, 2 = -p. What is the units digit of 3*(-26)/(-6) + a?
3
Suppose -16 = -4*a + c, 32 = -0*a + 4*a - 5*c. Suppose -3*p - 48 = -5*f - 7*p, -a*p = f - 3. What is the units digit of f?
2
Let o(t) = -t**3 - 6*t**2 + 7*t + 8. Let j be o(-7). Suppose 2*y + j = 6*y + 2*v, 3*y = -3*v + 12. Suppose 3*d - 18 - 9 = y. What is the units digit of d?
9
Let u(d) = -4*d - 6. Let f be u(-7). Suppose -4*g + t + f = -2, 5*g - t - 29 = 0. Suppose 6*k = 4*i + 2*k - 16, -g*i = -4*k - 17. What is the units digit of i?
1
Let g(k) = -4 - k - 12*k + 3 - 20*k. Let w be g(-1). Let z = w + -19. What is the tens digit of z?
1
Let d(u) = u**3 - 3*u + 3. Let c be d(-3). What is the units digit of (-80)/15*c/4?
0
Suppose -4*m + 3*l + 8 + 14 = 0, -m - 4 = 4*l. Suppose -16 = 4*u, m*w = 3*u + u + 48. What is the units digit of w?
8
Let m = 3 + 1. Let d be 3*-1 - (-3 - m). Suppose -3*q - 2 = -k + d, -3*k + 2*q = -18. What is the units digit of k?
6
Let b = -99 - -39. Let s = b - -93. What is the tens digit of s?
3
Suppose -2*m - 37 = -103. What is the tens digit of m?
3
Let v = 290 + -196. What is the tens digit of v?
9
What is the units digit of (95/15 - 6)/((-2)/(-1482))?
7
Let x(m) = 4*m - 10. Let t(s) = s**3 + 7. Let h be t(0). Let l be x(h). Let f = -11 + l. What is the units digit of f?
7
Let c(f) = 8*f - 4. What is the units digit of c(2)?
2
Let b(z) = 3*z - 2. Suppose -5*o = -0*o - 60. What is the tens digit of b(o)?
3
Let n(k) = k**3 - 5*k**2 + 9*k - 7. What is the units digit of n(6)?
3
Let i = -4 + 7. Let g = i - 0. Suppose -g*s + 2*s = -11. What is the units digit of s?
1
Suppose -x - 3*h + 0*h = 13, -5*x = -3*h - 25. Suppose 2*p + 5*m = 8, p + 3*m = x*m + 10. What is the units digit of p?
4
Let j be (-88)/12*3/(-2). Suppose l = -x + j, 2*x - 3*x - 7 = -l. What is the units digit of l?
9
Let z be (2 + -18)/(-4) + -2. What is the tens digit of (-28)/(-2 - z) + 3?
1
Suppose o - 140 = -5*h + 4*o, 0 = -4*h - 5*o + 149. What is the units digit of h?
1
Let f(g) = -g**2 - 6*g - 4. Let b be f(-8). Let q = b + 40. What is the units digit of q?
0
Suppose 2*u - 71 = 95. What is the tens dig